 when 592530 is divided by 890.
680
What is the remainder when 23461965 is divided by 146?
57
What is the remainder when 678009 is divided by 80?
9
What is the remainder when 213865 is divided by 852?
13
What is the remainder when 1457555 is divided by 4003?
463
What is the remainder when 2936034 is divided by 3941?
3930
Calculate the remainder when 60175 is divided by 99.
82
Calculate the remainder when 207222 is divided by 5597.
133
What is the remainder when 12814477 is divided by 3926?
13
What is the remainder when 3343548 is divided by 2373?
2364
Calculate the remainder when 17389767 is divided by 5.
2
What is the remainder when 20618 is divided by 5020?
538
What is the remainder when 1649258 is divided by 412314?
2
Calculate the remainder when 338165 is divided by 3978.
35
Calculate the remainder when 678244 is divided by 352.
292
Calculate the remainder when 2344951 is divided by 47856.
7
What is the remainder when 2347089 is divided by 12?
9
Calculate the remainder when 6518671 is divided by 185.
11
Calculate the remainder when 42444159 is divided by 21.
9
Calculate the remainder when 45530 is divided by 231.
23
What is the remainder when 613307 is divided by 4792?
4723
What is the remainder when 15006 is divided by 305?
61
What is the remainder when 51308 is divided by 1292?
920
Calculate the remainder when 79139132 is divided by 215.
212
What is the remainder when 10828474 is divided by 42970?
34
What is the remainder when 33974170 is divided by 2317?
2316
Calculate the remainder when 893935 is divided by 2403.
19
What is the remainder when 19548343 is divided by 19548309?
34
Calculate the remainder when 1198325 is divided by 38621.
1074
What is the remainder when 1233614 is divided by 9621?
2126
Calculate the remainder when 16108243 is divided by 442.
437
What is the remainder when 25407844 is divided by 1231?
4
Calculate the remainder when 3289834 is divided by 19.
3
Calculate the remainder when 375307 is divided by 6551.
1900
Calculate the remainder when 29996099 is divided by 221.
211
What is the remainder when 1138394 is divided by 4451?
3389
What is the remainder when 1650419 is divided by 1038?
1037
What is the remainder when 7074634 is divided by 1010660?
14
What is the remainder when 119518967 is divided by 33?
29
Calculate the remainder when 494937 is divided by 667.
23
Calculate the remainder when 43783604 is divided by 31889.
7
Calculate the remainder when 10714119 is divided by 278.
277
Calculate the remainder when 114124 is divided by 9506.
52
What is the remainder when 83170942 is divided by 32?
30
Calculate the remainder when 680415 is divided by 680389.
26
Calculate the remainder when 2062453 is divided by 384.
373
Calculate the remainder when 2324555 is divided by 187.
145
Calculate the remainder when 5507937 is divided by 1835949.
90
Calculate the remainder when 426617 is divided by 131.
81
Calculate the remainder when 356544471 is divided by 6685.
6681
Calculate the remainder when 180815 is divided by 3541.
224
What is the remainder when 3247022 is divided by 5541?
5537
Calculate the remainder when 15107160 is divided by 6597.
30
What is the remainder when 1353181 is divided by 45?
31
What is the remainder when 173139 is divided by 85?
79
What is the remainder when 52754738 is divided by 17?
15
What is the remainder when 134380783 is divided by 42?
19
Calculate the remainder when 361892 is divided by 3583.
9
What is the remainder when 46495 is divided by 1087?
841
Calculate the remainder when 200097 is divided by 27.
0
What is the remainder when 379832 is divided by 63226?
476
Calculate the remainder when 17479997 is divided by 76.
73
Calculate the remainder when 704061 is divided by 234641.
138
Calculate the remainder when 396071 is divided by 32038.
11615
Calculate the remainder when 17900 is divided by 8936.
28
What is the remainder when 13336810 is divided by 22?
14
Calculate the remainder when 44157208 is divided by 349.
332
What is the remainder when 86030629 is divided by 506?
3
Calculate the remainder when 36480 is divided by 532.
304
Calculate the remainder when 76684 is divided by 15202.
674
Calculate the remainder when 12147376 is divided by 35.
31
What is the remainder when 9101203 is divided by 1839?
1831
What is the remainder when 10367690 is divided by 276?
26
What is the remainder when 29485187 is divided by 51?
47
What is the remainder when 113363 is divided by 180?
143
Calculate the remainder when 6490630 is divided by 34.
30
Calculate the remainder when 19082671 is divided by 1279.
1270
Calculate the remainder when 1462553 is divided by 23.
6
What is the remainder when 191079 is divided by 95526?
27
Calculate the remainder when 2221012 is divided by 1259.
136
What is the remainder when 93816943 is divided by 2680484?
3
What is the remainder when 333394 is divided by 55512?
322
Calculate the remainder when 40644 is divided by 230.
164
What is the remainder when 13472872 is divided by 2190?
2182
What is the remainder when 794279 is divided by 7351?
371
What is the remainder when 15234 is divided by 4054?
3072
Calculate the remainder when 227963 is divided by 571.
134
What is the remainder when 775453 is divided by 70?
63
Calculate the remainder when 134038 is divided by 26556.
1258
What is the remainder when 22184 is divided by 1358?
456
What is the remainder when 3539462 is divided by 28?
10
What is the remainder when 469603 is divided by 782?
403
Calculate the remainder when 312537119 is divided by 280.
279
What is the remainder when 2292408 is divided by 4737?
4437
What is the remainder when 330240 is divided by 3180?
2700
What is the remainder when 11834 is divided by 10318?
1516
What is the remainder when 698952 is divided by 19970?
2
Calculate the remainder when 421686 is divided by 420357.
1329
Calculate the remainder when 1617123 is divided by 1617080.
43
What is the remainder when 92374 is divided by 15372?
142
Calculate the remainder when 568528 is divided by 2359.
9
Calculate the remainder when 1493617 is divided by 162.
139
What is the remainder when 129612 is divided by 556?
64
What is the remainder when 53382 is divided by 17486?
924
What is the remainder when 58928 is divided by 29464?
0
Calculate the remainder when 3273030 is divided by 4051.
3873
Calculate the remainder when 139916 is divided by 10747.
205
Calculate the remainder when 7778828 is divided by 11.
2
What is the remainder when 8933148 is divided by 131?
127
What is the remainder when 22111712 is divided by 7370558?
38
What is the remainder when 36987086 is divided by 1887?
1886
What is the remainder when 3141677 is divided by 1918?
1911
Calculate the remainder when 21078630 is divided by 8586.
0
Calculate the remainder when 57871312 is divided by 35.
2
Calculate the remainder when 3302392 is divided by 3302354.
38
What is the remainder when 19544 is divided by 782?
776
Calculate the remainder when 19451048 is divided by 10.
8
Calculate the remainder when 247232 is divided by 18540.
6212
What is the remainder when 144599 is divided by 27366?
7769
Calculate the remainder when 1828577 is divided by 304710.
317
Calculate the remainder when 969014 is divided by 161481.
128
Calculate the remainder when 2029527 is divided by 84562.
39
What is the remainder when 29885 is divided by 2137?
2104
Calculate the remainder when 19839973 is divided by 6613311.
40
Calculate the remainder when 4851972 is divided by 14.
6
What is the remainder when 860921 is divided by 22655?
31
What is the remainder when 690005 is divided by 16829?
16
What is the remainder when 130685 is divided by 189?
86
Calculate the remainder when 2129233 is divided by 13314.
12307
What is the remainder when 70743831 is divided by 27?
24
Calculate the remainder when 11007569 is divided by 70.
69
What is the remainder when 430462 is divided by 2185?
17
What is the remainder when 1296641 is divided by 40475?
1441
What is the remainder when 166683929 is divided by 31?
29
What is the remainder when 232524 is divided by 1344?
12
What is the remainder when 7546746 is divided by 123717?
9
Calculate the remainder when 93660619 is divided by 339.
4
Calculate the remainder when 23509832 is divided by 16.
8
Calculate the remainder when 950882 is divided by 186.
50
Calcula